rime?
False
Is 97030263371 a prime number?
True
Is 2051658031 prime?
False
Is 6981566873 composite?
False
Is 2126291963 a prime number?
False
Is 2239673707 a composite number?
True
Is 3567071779 a prime number?
True
Is 145995587 a prime number?
True
Is 34966236553 a prime number?
True
Is 1299309257 a prime number?
False
Is 2946970678 a prime number?
False
Is 745740197 prime?
False
Is 20574331471 a prime number?
True
Is 603101381 a composite number?
False
Is 42359002307 a prime number?
True
Is 412448463343 a composite number?
True
Is 44471570009 a prime number?
True
Is 44186150431 a prime number?
True
Is 60984508337 a composite number?
False
Is 74434748419 prime?
False
Is 1311185429 a composite number?
True
Is 143376932021 a prime number?
True
Is 212440783 a composite number?
False
Is 3609029447 composite?
True
Is 256696873 a composite number?
False
Is 10707912697 prime?
False
Is 5310077453 a composite number?
True
Is 1177893247 composite?
False
Is 13545419999 a prime number?
True
Is 19226501447 a composite number?
False
Is 7339993091 prime?
True
Is 6345082663 prime?
True
Is 905124799 a prime number?
True
Is 4158620539 a composite number?
False
Is 1216360309 prime?
False
Is 1025676671 a composite number?
True
Is 2104381 composite?
False
Is 2180046227 a prime number?
True
Is 228880787053 a prime number?
False
Is 599848591 composite?
False
Is 37740950749 a prime number?
False
Is 41568131419 a prime number?
True
Is 17467207841 a prime number?
True
Is 42168215377 a composite number?
False
Is 3010561201 a composite number?
False
Is 5467756531 a prime number?
True
Is 932057183 a composite number?
True
Is 2274224863 a prime number?
False
Is 65968798201 a composite number?
True
Is 4288448869 prime?
False
Is 161260019 prime?
False
Is 93885697901 a prime number?
True
Is 813040297 composite?
True
Is 1116029539 a composite number?
True
Is 568510421 composite?
False
Is 5969852279 a prime number?
False
Is 20659948919 a prime number?
False
Is 22321144541 a prime number?
True
Is 20458448677 a composite number?
False
Is 1420512799 composite?
True
Is 34618068553 composite?
False
Is 87109454233 a composite number?
False
Is 5019924709 a prime number?
True
Is 14975581067 a composite number?
True
Is 4789651283 composite?
True
Is 2063759923 a prime number?
True
Is 10323349607 composite?
False
Is 19274784267 a composite number?
True
Is 48908637614 a composite number?
True
Is 1093468823 composite?
False
Is 109316229683 a prime number?
True
Is 93311467307 a composite number?
False
Is 173677523 a composite number?
False
Is 669449603 a composite number?
True
Is 1315115617 a composite number?
True
Is 2290368973 a prime number?
False
Is 30980659303 composite?
True
Is 20577409993 a prime number?
False
Is 1301126111 a composite number?
False
Is 468974659 a composite number?
False
Is 16575714517 composite?
True
Is 22055093329 a prime number?
True
Is 68852079739 composite?
False
Is 5112960887 composite?
False
Is 9235961039 a prime number?
True
Is 21234199661 composite?
False
Is 1643845471 prime?
True
Is 535611358471 a prime number?
False
Is 2466106033 a composite number?
False
Is 9768351947 a composite number?
True
Is 36420737 prime?
False
Is 190487237 a prime number?
False
Is 4851130507 composite?
False
Is 155690047243 composite?
False
Is 7510264327 a prime number?
True
Is 27151378 a prime number?
False
Is 19520884673 a composite number?
False
Is 105744523 a composite number?
True
Is 1288882883 composite?
False
Is 7120439587 a composite number?
False
Is 28187893997 a composite number?
False
Is 7495449569 a composite number?
True
Is 23886415517 a composite number?
True
Is 2541183449 a prime number?
False
Is 381958147 composite?
True
Is 426346621 a composite number?
True
Is 9107726087 composite?
True
Is 94134317489 prime?
False
Is 1408123861 a prime number?
False
Is 13753411309 a composite number?
True
Is 1065858481 a composite number?
True
Is 398090059 a composite number?
True
Is 500919659 a prime number?
True
Is 169110313 a composite number?
True
Is 8721302999 composite?
True
Is 3806073727 a prime number?
True
Is 570096749 composite?
True
Is 1334071419 a composite number?
True
Is 13093017503 prime?
True
Is 727333757 a composite number?
False
Is 4038307397 composite?
False
Is 6258628429 a prime number?
False
Is 275318267 composite?
True
Is 653056799 prime?
True
Is 17223065053 prime?
True
Is 2614471337 prime?
False
Is 7042744871 a composite number?
False
Is 64818179807 composite?
False
Is 5122052615 a composite number?
True
Is 4778499238 composite?
True
Is 11159101573 composite?
False
Is 1701526493 prime?
True
Is 26817621787 composite?
True
Is 5835290449 composite?
False
Is 1120841873 a prime number?
False
Is 233500805173 composite?
True
Is 516877593 composite?
True
Is 7966638187 composite?
True
Is 86214400781 prime?
False
Is 28473209 composite?
False
Is 5699983903 a prime number?
False
Is 626871251 a prime number?
True
Is 617320693 a composite number?
True
Is 78336747215 a composite number?
True
Is 143784209 a composite number?
True
Is 60128430839 a composite number?
False
Is 29238674207 prime?
False
Is 43047897433 composite?
False
Is 279637937 a prime number?
True
Is 6142957589 a composite number?
False
Is 22982646697 composite?
False
Is 661232461 a composite number?
True
Is 167536739 a prime number?
True
Is 87342331 a prime number?
False
Is 676946773 a composite number?
False
Is 8287973809 prime?
True
Is 1643959 prime?
True
Is 1085144699 a prime number?
True
Is 867735533 composite?
True
Is 5391114061 prime?
False
Is 1399232677 a prime number?
True
Is 3237047923 prime?
True
Is 400613281 a composite number?
True
Is 18476774119 prime?
True
Is 38885926399 a prime number?
False
Is 305622613 a prime number?
False
Is 98883521171 a composite number?
False
Is 273782741413 a composite number?
False
Is 93999928229 a composite number?
False
Is 28006696303 a prime number?
False
Is 14562268993 composite?
True
Is 4061921893 prime?
True
Is 1579545371 composite?
False
Is 1663113271 a prime number?
True
Is 634257487 a prime number?
False
Is 1883619187 a prime number?
True
Is 917146723 a prime number?
False
Is 3912422329 a prime number?
False
Is 3927003707 a composite number?
True
Is 4476610003 composite?
False
Is 1342897469 composite?
True
Is 2172777161 prime?
True
Is 9487603577 a composite number?
False
Is 1971727321 composite?
False
Is 142178296207 prime?
False
Is 267431621 a composite number?
True
Is 9339109009 a prime number?
False
Is 37431469 prime?
False
Is 377574909 a composite number?
True
Is 1314625859 prime?
True
Is 35756494351 a composite number?
True
Is 77941242997 a prime number?
False
Is 6032348293 a prime number?
True
Is 1545039143 a composite number?
False
Is 2956079857 a composite number?
True
Is 1928589779 prime?
False
Is 6101096461 prime?
False
Is 7710808207 a composite number?
False
Is 51686269897 a prime number?
False
Is 381055307 a prime number?
True
Is 44589871657 a prime number?
False
Is 3727547879 prime?
False
Is 11503399363 a prime number?
False
Is 14992431379 a prime number?
True
Is 4173232205 a composite number?
True
Is 49125676861 a prime number?
True
Is 45013649 a prime number?
True
Is 734683967 prime?
True
Is 333806989 prime?
False
Is 14786100191 a composite number?
False
Is 22123822031 a composite number?
False
Is 38247103 a composite number?
True
Is 1285934887 prime?
True
Is 638887126 a composite number?
True
Is 1490143331 a prime number?
True
Is 11510777539 a composite number?
True
Is 1833703999 a prime number?
True
Is 582851 a prime number?
True
Is 2512766027 a composite number?
False
Is 343648969 prime?
True
Is 2487329099 prime?
True
Is 7372087189 a prime number?
False
Is 461858767 a composite number?
False
Is 19435770203 a composite number?
False
Is 176374860907 composite?
True
Is 20090779039 composite?
True
Is 135586829711 composite?
False
Is 5234850197 composite?
False
Is 8792005711 prime?
False
Is 1288269371 a composite number?
False
Is 12241234849 a prime number?
True
Is 2218798699 composite?
True
Is 285637169 a prime number?
False
Is 230162399 a prime number?
True
Is 1127111717 composite?
False
Is 553996931 a composite number?
False
Is 4793389499 prime?
False
Is 261469083673 composite?
True
Is 51044868289 composite?
False
Is 7704058273 a prime num